{"id":487,"date":"2026-01-23T12:35:17","date_gmt":"2026-01-23T12:35:17","guid":{"rendered":"https:\/\/www.sofia-und-thomas.ch\/locatie\/"},"modified":"2026-02-02T06:51:43","modified_gmt":"2026-02-02T06:51:43","slug":"locatie","status":"publish","type":"page","link":"https:\/\/www.sofia-und-thomas.ch\/ro\/locatie\/","title":{"rendered":"Loca\u021bie"},"content":{"rendered":"\n<div class=\"wp-block-columns is-layout-flex wp-container-core-columns-is-layout-9d6595d7 wp-block-columns-is-layout-flex\">\n<div class=\"wp-block-column is-layout-flow wp-block-column-is-layout-flow\">\n<br\/>\n<\/div>\n<\/div>\n\n<div class=\"wp-block-columns is-layout-flex wp-container-core-columns-is-layout-9d6595d7 wp-block-columns-is-layout-flex\">\n<div class=\"wp-block-column is-layout-flow wp-block-column-is-layout-flow\">\n<br><br>Unele locuri par s\u0103 a\u0219tepte s\u0103 devin\u0103 parte dintr-o poveste de dragoste. <strong>Villa Foscarini Cornaro<\/strong>, fondat\u0103 \u00een secolul al XVI-lea, poart\u0103 \u00een ea spiritul culturii vene\u021biene \u2013 o cultur\u0103 care reprezint\u0103 frumuse\u021be, \u00eent\u00e2lnire \u0219i bucurie de a tr\u0103i. <br><br>Zidurile sale spun pove\u0219ti despre secole \u00een care oamenii s-au adunat pentru a s\u0103rb\u0103tori, a \u00eemp\u0103rt\u0103\u0219i \u0219i a iubi.<br><br>\u00cenconjurat\u0103 de gr\u0103dini, natur\u0103 \u0219i f\u00e2nt\u00e2ni arteziene lini\u0219tite, se creeaz\u0103 un spa\u021biu de lini\u0219te \u0219i de reg\u0103sire.<br><br>Un loc \u00een care timpul trece mai \u00eencet<br>\u0219i care atrage aten\u021bia asupra esen\u021bialului:\n\n\n\n<blockquote class=\"wp-block-quote is-layout-flow wp-block-quote-is-layout-flow\">\n<p>doi oameni care \u00ee\u0219i spun Da.<\/p>\n<\/blockquote>\n\n\n\nAceast\u0103 vil\u0103 este perfect\u0103 pentru nunta noastr\u0103, deoarece reflect\u0103 ceea ce ne une\u0219te:\n\n\n\n<blockquote class=\"wp-block-quote is-layout-flow wp-block-quote-is-layout-flow\">\n<p>dragostea pentru istorie, pentru frumuse\u021be \u0219i pentru experien\u021be comune.<\/p>\n<\/blockquote>\n\n\n\nEa combin\u0103 elegan\u021ba cu c\u0103ldura, grandoarea cu intimitatea<br>\u0219i ofer\u0103 spa\u021biu at\u00e2t pentru momente festive, c\u00e2t \u0219i pentru clipe lini\u0219tite, emo\u021bionante.<br><br>Aici vrem s\u0103 ne facem promisiunea \u2013<br>\u00eentr-un cadru care \u00eembin\u0103 trecutul \u0219i viitorul \u0219i ne poart\u0103 dragostea \u00eentr-un mod cu totul special.\n<\/div>\n\n\n\n<div class=\"wp-block-column is-layout-flow wp-block-column-is-layout-flow\">\n<figure class=\"wp-block-image size-large\"><img loading=\"lazy\" decoding=\"async\" width=\"1024\" height=\"569\" src=\"https:\/\/www.sofia-und-thomas.ch\/wp-content\/uploads\/2026\/02\/4b208d2f-cb91-4229-a092-7a6af8ba2b17-1024x569.jpg\" alt=\"\" class=\"wp-image-289\" srcset=\"https:\/\/www.sofia-und-thomas.ch\/wp-content\/uploads\/2026\/02\/4b208d2f-cb91-4229-a092-7a6af8ba2b17-1024x569.jpg 1024w, https:\/\/www.sofia-und-thomas.ch\/wp-content\/uploads\/2026\/02\/4b208d2f-cb91-4229-a092-7a6af8ba2b17-300x167.jpg 300w, https:\/\/www.sofia-und-thomas.ch\/wp-content\/uploads\/2026\/02\/4b208d2f-cb91-4229-a092-7a6af8ba2b17-768x427.jpg 768w, https:\/\/www.sofia-und-thomas.ch\/wp-content\/uploads\/2026\/02\/4b208d2f-cb91-4229-a092-7a6af8ba2b17.jpg 1458w\" sizes=\"auto, (max-width: 1024px) 100vw, 1024px\" \/><\/figure>\n\n\n\n<div class=\"wp-block-columns is-layout-flex wp-container-core-columns-is-layout-9d6595d7 wp-block-columns-is-layout-flex\">\n<div class=\"wp-block-column is-layout-flow wp-block-column-is-layout-flow\">\n<figure class=\"wp-block-image size-full is-resized\"><img loading=\"lazy\" decoding=\"async\" width=\"807\" height=\"820\" src=\"https:\/\/www.sofia-und-thomas.ch\/wp-content\/uploads\/2026\/02\/e74b8668-2d6e-4cc1-a583-fc775edc598e.jpg\" alt=\"\" class=\"wp-image-307\" style=\"aspect-ratio:0.9841477849171457;width:222px;height:auto\" srcset=\"https:\/\/www.sofia-und-thomas.ch\/wp-content\/uploads\/2026\/02\/e74b8668-2d6e-4cc1-a583-fc775edc598e.jpg 807w, https:\/\/www.sofia-und-thomas.ch\/wp-content\/uploads\/2026\/02\/e74b8668-2d6e-4cc1-a583-fc775edc598e-295x300.jpg 295w, https:\/\/www.sofia-und-thomas.ch\/wp-content\/uploads\/2026\/02\/e74b8668-2d6e-4cc1-a583-fc775edc598e-768x780.jpg 768w\" sizes=\"auto, (max-width: 807px) 100vw, 807px\" \/><\/figure>\n<\/div>\n\n\n\n<div class=\"wp-block-column is-vertically-aligned-center is-layout-flow wp-block-column-is-layout-flow\"><div class=\"wp-block-image\">\n<figure class=\"aligncenter size-large\"><img loading=\"lazy\" decoding=\"async\" width=\"1024\" height=\"692\" src=\"https:\/\/www.sofia-und-thomas.ch\/wp-content\/uploads\/2026\/02\/c4a0dff0-7022-425c-9e78-275b5d11bdbc-1024x692.jpg\" alt=\"\" class=\"wp-image-305\" srcset=\"https:\/\/www.sofia-und-thomas.ch\/wp-content\/uploads\/2026\/02\/c4a0dff0-7022-425c-9e78-275b5d11bdbc-1024x692.jpg 1024w, https:\/\/www.sofia-und-thomas.ch\/wp-content\/uploads\/2026\/02\/c4a0dff0-7022-425c-9e78-275b5d11bdbc-300x203.jpg 300w, https:\/\/www.sofia-und-thomas.ch\/wp-content\/uploads\/2026\/02\/c4a0dff0-7022-425c-9e78-275b5d11bdbc-768x519.jpg 768w, https:\/\/www.sofia-und-thomas.ch\/wp-content\/uploads\/2026\/02\/c4a0dff0-7022-425c-9e78-275b5d11bdbc.jpg 1105w\" sizes=\"auto, (max-width: 1024px) 100vw, 1024px\" \/><\/figure>\n<\/div><\/div>\n<\/div>\n\n\n\n<figure class=\"wp-block-image size-large\"><img loading=\"lazy\" decoding=\"async\" width=\"1024\" height=\"575\" src=\"https:\/\/www.sofia-und-thomas.ch\/wp-content\/uploads\/2026\/02\/044f32f4-0aca-4db9-b76c-4dee4156e353-1024x575.jpg\" alt=\"\" class=\"wp-image-291\" style=\"aspect-ratio:1.780982252141983\" srcset=\"https:\/\/www.sofia-und-thomas.ch\/wp-content\/uploads\/2026\/02\/044f32f4-0aca-4db9-b76c-4dee4156e353-1024x575.jpg 1024w, https:\/\/www.sofia-und-thomas.ch\/wp-content\/uploads\/2026\/02\/044f32f4-0aca-4db9-b76c-4dee4156e353-300x168.jpg 300w, https:\/\/www.sofia-und-thomas.ch\/wp-content\/uploads\/2026\/02\/044f32f4-0aca-4db9-b76c-4dee4156e353-768x431.jpg 768w, https:\/\/www.sofia-und-thomas.ch\/wp-content\/uploads\/2026\/02\/044f32f4-0aca-4db9-b76c-4dee4156e353.jpg 1196w\" sizes=\"auto, (max-width: 1024px) 100vw, 1024px\" \/><\/figure>\n<\/div>\n<\/div>\n<div class=\"wp-block-image\">\n<figure class=\"aligncenter size-large is-resized\"><img loading=\"lazy\" decoding=\"async\" width=\"1024\" height=\"487\" src=\"https:\/\/www.sofia-und-thomas.ch\/wp-content\/uploads\/2026\/02\/e4945caa-df63-43fe-be17-664056e27996-1024x487.jpg\" alt=\"\" class=\"wp-image-308\" style=\"aspect-ratio:2.102685342135784;width:553px;height:auto\" srcset=\"https:\/\/www.sofia-und-thomas.ch\/wp-content\/uploads\/2026\/02\/e4945caa-df63-43fe-be17-664056e27996-1024x487.jpg 1024w, https:\/\/www.sofia-und-thomas.ch\/wp-content\/uploads\/2026\/02\/e4945caa-df63-43fe-be17-664056e27996-300x143.jpg 300w, https:\/\/www.sofia-und-thomas.ch\/wp-content\/uploads\/2026\/02\/e4945caa-df63-43fe-be17-664056e27996-768x365.jpg 768w, https:\/\/www.sofia-und-thomas.ch\/wp-content\/uploads\/2026\/02\/e4945caa-df63-43fe-be17-664056e27996.jpg 1105w\" sizes=\"auto, (max-width: 1024px) 100vw, 1024px\" \/><\/figure>\n<\/div>\n<p><\/p>\n","protected":false},"excerpt":{"rendered":"<p>doi oameni care \u00ee\u0219i spun Da. dragostea pentru istorie, pentru frumuse\u021be \u0219i pentru experien\u021be comune.<\/p>\n","protected":false},"author":1,"featured_media":489,"parent":0,"menu_order":0,"comment_status":"closed","ping_status":"closed","template":"","meta":{"pagelayer_contact_templates":[],"_pagelayer_content":"","footnotes":""},"class_list":["post-487","page","type-page","status-publish","has-post-thumbnail","hentry"],"_links":{"self":[{"href":"https:\/\/www.sofia-und-thomas.ch\/ro\/wp-json\/wp\/v2\/pages\/487","targetHints":{"allow":["GET"]}}],"collection":[{"href":"https:\/\/www.sofia-und-thomas.ch\/ro\/wp-json\/wp\/v2\/pages"}],"about":[{"href":"https:\/\/www.sofia-und-thomas.ch\/ro\/wp-json\/wp\/v2\/types\/page"}],"author":[{"embeddable":true,"href":"https:\/\/www.sofia-und-thomas.ch\/ro\/wp-json\/wp\/v2\/users\/1"}],"replies":[{"embeddable":true,"href":"https:\/\/www.sofia-und-thomas.ch\/ro\/wp-json\/wp\/v2\/comments?post=487"}],"version-history":[{"count":1,"href":"https:\/\/www.sofia-und-thomas.ch\/ro\/wp-json\/wp\/v2\/pages\/487\/revisions"}],"predecessor-version":[{"id":491,"href":"https:\/\/www.sofia-und-thomas.ch\/ro\/wp-json\/wp\/v2\/pages\/487\/revisions\/491"}],"wp:featuredmedia":[{"embeddable":true,"href":"https:\/\/www.sofia-und-thomas.ch\/ro\/wp-json\/wp\/v2\/media\/489"}],"wp:attachment":[{"href":"https:\/\/www.sofia-und-thomas.ch\/ro\/wp-json\/wp\/v2\/media?parent=487"}],"curies":[{"name":"wp","href":"https:\/\/api.w.org\/{rel}","templated":true}]}}

Locație

<div class="wp-block-columns is-layout-flex wp-container-core-columns-is-layout-9d6595d7 wp-block-columns-is-layout-flex">
<div class="wp-block-column is-layout-flow wp-block-column-is-layout-flow">
<br/>
</div>
</div>

<div class="wp-block-columns is-layout-flex wp-container-core-columns-is-layout-9d6595d7 wp-block-columns-is-layout-flex">
<div class="wp-block-column is-layout-flow wp-block-column-is-layout-flow">
<br><br>Unele locuri par să aștepte să devină parte dintr-o poveste de dragoste. <strong>Villa Foscarini Cornaro</strong>, fondată în secolul al XVI-lea, poartă în ea spiritul culturii venețiene – o cultură care reprezintă frumusețe, întâlnire și bucurie de a trăi. <br><br>Zidurile sale spun povești despre secole în care oamenii s-au adunat pentru a sărbători, a împărtăși și a iubi.<br><br>Înconjurată de grădini, natură și fântâni arteziene liniștite, se creează un spațiu de liniște și de regăsire.<br><br>Un loc în care timpul trece mai încet<br>și care atrage atenția asupra esențialului:



<blockquote class="wp-block-quote is-layout-flow wp-block-quote-is-layout-flow">
<p>doi oameni care își spun Da.</p>
</blockquote>



Această vilă este perfectă pentru nunta noastră, deoarece reflectă ceea ce ne unește:



<blockquote class="wp-block-quote is-layout-flow wp-block-quote-is-layout-flow">
<p>dragostea pentru istorie, pentru frumusețe și pentru experiențe comune.</p>
</blockquote>



Ea combină eleganța cu căldura, grandoarea cu intimitatea<br>și oferă spațiu atât pentru momente festive, cât și pentru clipe liniștite, emoționante.<br><br>Aici vrem să ne facem promisiunea –<br>într-un cadru care îmbină trecutul și viitorul și ne poartă dragostea într-un mod cu totul special.
</div>



<div class="wp-block-column is-layout-flow wp-block-column-is-layout-flow">
<figure class="wp-block-image size-large"><img loading="lazy" decoding="async" width="1024" height="569" src="https://www.sofia-und-thomas.ch/wp-content/uploads/2026/02/4b208d2f-cb91-4229-a092-7a6af8ba2b17-1024x569.jpg" alt="" class="wp-image-289" srcset="https://www.sofia-und-thomas.ch/wp-content/uploads/2026/02/4b208d2f-cb91-4229-a092-7a6af8ba2b17-1024x569.jpg 1024w, https://www.sofia-und-thomas.ch/wp-content/uploads/2026/02/4b208d2f-cb91-4229-a092-7a6af8ba2b17-300x167.jpg 300w, https://www.sofia-und-thomas.ch/wp-content/uploads/2026/02/4b208d2f-cb91-4229-a092-7a6af8ba2b17-768x427.jpg 768w, https://www.sofia-und-thomas.ch/wp-content/uploads/2026/02/4b208d2f-cb91-4229-a092-7a6af8ba2b17.jpg 1458w" sizes="auto, (max-width: 1024px) 100vw, 1024px" /></figure>



<div class="wp-block-columns is-layout-flex wp-container-core-columns-is-layout-9d6595d7 wp-block-columns-is-layout-flex">
<div class="wp-block-column is-layout-flow wp-block-column-is-layout-flow">
<figure class="wp-block-image size-full is-resized"><img loading="lazy" decoding="async" width="807" height="820" src="https://www.sofia-und-thomas.ch/wp-content/uploads/2026/02/e74b8668-2d6e-4cc1-a583-fc775edc598e.jpg" alt="" class="wp-image-307" style="aspect-ratio:0.9841477849171457;width:222px;height:auto" srcset="https://www.sofia-und-thomas.ch/wp-content/uploads/2026/02/e74b8668-2d6e-4cc1-a583-fc775edc598e.jpg 807w, https://www.sofia-und-thomas.ch/wp-content/uploads/2026/02/e74b8668-2d6e-4cc1-a583-fc775edc598e-295x300.jpg 295w, https://www.sofia-und-thomas.ch/wp-content/uploads/2026/02/e74b8668-2d6e-4cc1-a583-fc775edc598e-768x780.jpg 768w" sizes="auto, (max-width: 807px) 100vw, 807px" /></figure>
</div>



<div class="wp-block-column is-vertically-aligned-center is-layout-flow wp-block-column-is-layout-flow"><div class="wp-block-image">
<figure class="aligncenter size-large"><img loading="lazy" decoding="async" width="1024" height="692" src="https://www.sofia-und-thomas.ch/wp-content/uploads/2026/02/c4a0dff0-7022-425c-9e78-275b5d11bdbc-1024x692.jpg" alt="" class="wp-image-305" srcset="https://www.sofia-und-thomas.ch/wp-content/uploads/2026/02/c4a0dff0-7022-425c-9e78-275b5d11bdbc-1024x692.jpg 1024w, https://www.sofia-und-thomas.ch/wp-content/uploads/2026/02/c4a0dff0-7022-425c-9e78-275b5d11bdbc-300x203.jpg 300w, https://www.sofia-und-thomas.ch/wp-content/uploads/2026/02/c4a0dff0-7022-425c-9e78-275b5d11bdbc-768x519.jpg 768w, https://www.sofia-und-thomas.ch/wp-content/uploads/2026/02/c4a0dff0-7022-425c-9e78-275b5d11bdbc.jpg 1105w" sizes="auto, (max-width: 1024px) 100vw, 1024px" /></figure>
</div></div>
</div>



<figure class="wp-block-image size-large"><img loading="lazy" decoding="async" width="1024" height="575" src="https://www.sofia-und-thomas.ch/wp-content/uploads/2026/02/044f32f4-0aca-4db9-b76c-4dee4156e353-1024x575.jpg" alt="" class="wp-image-291" style="aspect-ratio:1.780982252141983" srcset="https://www.sofia-und-thomas.ch/wp-content/uploads/2026/02/044f32f4-0aca-4db9-b76c-4dee4156e353-1024x575.jpg 1024w, https://www.sofia-und-thomas.ch/wp-content/uploads/2026/02/044f32f4-0aca-4db9-b76c-4dee4156e353-300x168.jpg 300w, https://www.sofia-und-thomas.ch/wp-content/uploads/2026/02/044f32f4-0aca-4db9-b76c-4dee4156e353-768x431.jpg 768w, https://www.sofia-und-thomas.ch/wp-content/uploads/2026/02/044f32f4-0aca-4db9-b76c-4dee4156e353.jpg 1196w" sizes="auto, (max-width: 1024px) 100vw, 1024px" /></figure>
</div>
</div>
<div class="wp-block-image">
<figure class="aligncenter size-large is-resized"><img loading="lazy" decoding="async" width="1024" height="487" src="https://www.sofia-und-thomas.ch/wp-content/uploads/2026/02/e4945caa-df63-43fe-be17-664056e27996-1024x487.jpg" alt="" class="wp-image-308" style="aspect-ratio:2.102685342135784;width:553px;height:auto" srcset="https://www.sofia-und-thomas.ch/wp-content/uploads/2026/02/e4945caa-df63-43fe-be17-664056e27996-1024x487.jpg 1024w, https://www.sofia-und-thomas.ch/wp-content/uploads/2026/02/e4945caa-df63-43fe-be17-664056e27996-300x143.jpg 300w, https://www.sofia-und-thomas.ch/wp-content/uploads/2026/02/e4945caa-df63-43fe-be17-664056e27996-768x365.jpg 768w, https://www.sofia-und-thomas.ch/wp-content/uploads/2026/02/e4945caa-df63-43fe-be17-664056e27996.jpg 1105w" sizes="auto, (max-width: 1024px) 100vw, 1024px" /></figure>
</div>
<p></p>

<p>doi oameni care își spun Da. dragostea pentru istorie, pentru frumusețe și pentru experiențe comune.</p>
