{"id":474,"date":"2026-01-23T12:48:02","date_gmt":"2026-01-23T12:48:02","guid":{"rendered":"https:\/\/www.sofia-und-thomas.ch\/bun-venit\/"},"modified":"2026-02-10T06:29:41","modified_gmt":"2026-02-10T06:29:41","slug":"bun-venit","status":"publish","type":"page","link":"https:\/\/www.sofia-und-thomas.ch\/ro\/","title":{"rendered":"Bun venit"},"content":{"rendered":"\n<div class=\"wp-block-cover\" style=\"min-height:482px;aspect-ratio:unset;\"><img loading=\"lazy\" decoding=\"async\" width=\"1024\" height=\"682\" class=\"wp-block-cover__image-background wp-image-243\" alt=\"\" src=\"https:\/\/www.sofia-und-thomas.ch\/wp-content\/uploads\/2026\/02\/67e4a80a-f6e1-4771-9b92-707f72182a73-1024x682.jpg\" data-object-fit=\"cover\" srcset=\"https:\/\/www.sofia-und-thomas.ch\/wp-content\/uploads\/2026\/02\/67e4a80a-f6e1-4771-9b92-707f72182a73-1024x682.jpg 1024w, https:\/\/www.sofia-und-thomas.ch\/wp-content\/uploads\/2026\/02\/67e4a80a-f6e1-4771-9b92-707f72182a73-300x200.jpg 300w, https:\/\/www.sofia-und-thomas.ch\/wp-content\/uploads\/2026\/02\/67e4a80a-f6e1-4771-9b92-707f72182a73-768x512.jpg 768w, https:\/\/www.sofia-und-thomas.ch\/wp-content\/uploads\/2026\/02\/67e4a80a-f6e1-4771-9b92-707f72182a73-1536x1023.jpg 1536w, https:\/\/www.sofia-und-thomas.ch\/wp-content\/uploads\/2026\/02\/67e4a80a-f6e1-4771-9b92-707f72182a73.jpg 1600w\" sizes=\"auto, (max-width: 1024px) 100vw, 1024px\" \/><span aria-hidden=\"true\" class=\"wp-block-cover__background has-background-dim-30 has-background-dim\"><\/span><div class=\"wp-block-cover__inner-container is-layout-flow wp-block-cover-is-layout-flow\">\n<div class=\"wp-block-columns is-layout-flex wp-container-core-columns-is-layout-9d6595d7 wp-block-columns-is-layout-flex\">\n<div class=\"wp-block-column is-layout-flow wp-block-column-is-layout-flow\"><div class=\"wp-block-image\">\n<figure class=\"alignleft size-medium\"><img loading=\"lazy\" decoding=\"async\" width=\"300\" height=\"300\" src=\"https:\/\/www.sofia-und-thomas.ch\/wp-content\/uploads\/2026\/02\/typo02-300x300.png\" alt=\"\" class=\"wp-image-358\" srcset=\"https:\/\/www.sofia-und-thomas.ch\/wp-content\/uploads\/2026\/02\/typo02-300x300.png 300w, https:\/\/www.sofia-und-thomas.ch\/wp-content\/uploads\/2026\/02\/typo02-150x150.png 150w, https:\/\/www.sofia-und-thomas.ch\/wp-content\/uploads\/2026\/02\/typo02.png 350w\" sizes=\"auto, (max-width: 300px) 100vw, 300px\" \/><\/figure>\n<\/div><\/div>\n\n\n\n<div class=\"wp-block-column is-layout-flow wp-block-column-is-layout-flow\"><\/div>\n\n\n\n<div class=\"wp-block-column is-layout-flow wp-block-column-is-layout-flow\">\n<br><br>28.06.2026\n\n\n\n<br\/><br\/>\n\n\n<\/div>\n<\/div>\n<\/div><\/div>\n\n<br><br>Noi \u2013 <strong>Sofia &amp; Thomas<\/strong> \u2013 suntem foarte bucuro\u0219i s\u0103 \u00eemp\u0103rt\u0103\u0219im cu voi acest moment special din via\u021ba noastr\u0103. Pe aceast\u0103 pagin\u0103 ve\u021bi g\u0103si toate informa\u021biile importante referitor la nunta noastr\u0103 c\u00e2t \u0219i o mic\u0103 perspectiv\u0103 asupra c\u0103l\u0103toriei noastre \u00eempreun\u0103.<br>Dragostea, sprijinul \u0219i prietenia voastr\u0103 \u00eenseamn\u0103 enorm pentru noi \u2013 cu at\u00e2t mai frumos este c\u0103 parcurge\u021bi acest drum al\u0103turi de noi. Abia a\u0219tept\u0103m s\u0103 s\u0103rb\u0103torim, s\u0103 r\u00e2dem \u0219i s\u0103 cre\u0103m amintiri de neuitat \u00eempreun\u0103 cu voi.<br>Din inim\u0103<br><strong>Sofia &amp; Thomas<\/strong>\ud83d\udc9b\n\n<div style=\"height:100px\" aria-hidden=\"true\" class=\"wp-block-spacer\"><\/div>\n\n<p><\/p>\n","protected":false},"excerpt":{"rendered":"","protected":false},"author":1,"featured_media":0,"parent":0,"menu_order":0,"comment_status":"closed","ping_status":"closed","template":"","meta":{"pagelayer_contact_templates":[],"_pagelayer_content":"","footnotes":""},"class_list":["post-474","page","type-page","status-publish","hentry"],"_links":{"self":[{"href":"https:\/\/www.sofia-und-thomas.ch\/ro\/wp-json\/wp\/v2\/pages\/474","targetHints":{"allow":["GET"]}}],"collection":[{"href":"https:\/\/www.sofia-und-thomas.ch\/ro\/wp-json\/wp\/v2\/pages"}],"about":[{"href":"https:\/\/www.sofia-und-thomas.ch\/ro\/wp-json\/wp\/v2\/types\/page"}],"author":[{"embeddable":true,"href":"https:\/\/www.sofia-und-thomas.ch\/ro\/wp-json\/wp\/v2\/users\/1"}],"replies":[{"embeddable":true,"href":"https:\/\/www.sofia-und-thomas.ch\/ro\/wp-json\/wp\/v2\/comments?post=474"}],"version-history":[{"count":6,"href":"https:\/\/www.sofia-und-thomas.ch\/ro\/wp-json\/wp\/v2\/pages\/474\/revisions"}],"predecessor-version":[{"id":578,"href":"https:\/\/www.sofia-und-thomas.ch\/ro\/wp-json\/wp\/v2\/pages\/474\/revisions\/578"}],"wp:attachment":[{"href":"https:\/\/www.sofia-und-thomas.ch\/ro\/wp-json\/wp\/v2\/media?parent=474"}],"curies":[{"name":"wp","href":"https:\/\/api.w.org\/{rel}","templated":true}]}}

<div class="wp-block-cover" style="min-height:482px;aspect-ratio:unset;"><img loading="lazy" decoding="async" width="1024" height="682" class="wp-block-cover__image-background wp-image-243" alt="" src="https://www.sofia-und-thomas.ch/wp-content/uploads/2026/02/67e4a80a-f6e1-4771-9b92-707f72182a73-1024x682.jpg" data-object-fit="cover" srcset="https://www.sofia-und-thomas.ch/wp-content/uploads/2026/02/67e4a80a-f6e1-4771-9b92-707f72182a73-1024x682.jpg 1024w, https://www.sofia-und-thomas.ch/wp-content/uploads/2026/02/67e4a80a-f6e1-4771-9b92-707f72182a73-300x200.jpg 300w, https://www.sofia-und-thomas.ch/wp-content/uploads/2026/02/67e4a80a-f6e1-4771-9b92-707f72182a73-768x512.jpg 768w, https://www.sofia-und-thomas.ch/wp-content/uploads/2026/02/67e4a80a-f6e1-4771-9b92-707f72182a73-1536x1023.jpg 1536w, https://www.sofia-und-thomas.ch/wp-content/uploads/2026/02/67e4a80a-f6e1-4771-9b92-707f72182a73.jpg 1600w" sizes="auto, (max-width: 1024px) 100vw, 1024px" /><span aria-hidden="true" class="wp-block-cover__background has-background-dim-30 has-background-dim"></span><div class="wp-block-cover__inner-container is-layout-flow wp-block-cover-is-layout-flow">
<div class="wp-block-columns is-layout-flex wp-container-core-columns-is-layout-9d6595d7 wp-block-columns-is-layout-flex">
<div class="wp-block-column is-layout-flow wp-block-column-is-layout-flow"><div class="wp-block-image">
<figure class="alignleft size-medium"><img loading="lazy" decoding="async" width="300" height="300" src="https://www.sofia-und-thomas.ch/wp-content/uploads/2026/02/typo02-300x300.png" alt="" class="wp-image-358" srcset="https://www.sofia-und-thomas.ch/wp-content/uploads/2026/02/typo02-300x300.png 300w, https://www.sofia-und-thomas.ch/wp-content/uploads/2026/02/typo02-150x150.png 150w, https://www.sofia-und-thomas.ch/wp-content/uploads/2026/02/typo02.png 350w" sizes="auto, (max-width: 300px) 100vw, 300px" /></figure>
</div></div>



<div class="wp-block-column is-layout-flow wp-block-column-is-layout-flow"></div>



<div class="wp-block-column is-layout-flow wp-block-column-is-layout-flow">
<br><br>28.06.2026



<br/><br/>


</div>
</div>
</div></div>

<br><br>Noi – <strong>Sofia &amp; Thomas</strong> – suntem foarte bucuroși să împărtășim cu voi acest moment special din viața noastră. Pe această pagină veți găsi toate informațiile importante referitor la nunta noastră cât și o mică perspectivă asupra călătoriei noastre împreună.<br>Dragostea, sprijinul și prietenia voastră înseamnă enorm pentru noi – cu atât mai frumos este că parcurgeți acest drum alături de noi. Abia așteptăm să sărbătorim, să râdem și să creăm amintiri de neuitat împreună cu voi.<br>Din inimă<br><strong>Sofia &amp; Thomas</strong>💛

<div style="height:100px" aria-hidden="true" class="wp-block-spacer"></div>

<p></p>
